
Suppose 0*y = y - 2*x - 3, -9 = -3*y + 4*x. Suppose -y*z = -4*z + 4. Is (0 - 178/(-8))*z prime?
True
Let w(s) be the first derivative of 2*s**2 + 3*s + 3. Let r be w(-7). Is (-2)/10 - 230/r composite?
True
Is (4 + 0 - 1) + (774 - -4) composite?
True
Is (-910)/(-49) - (-3)/7 composite?
False
Let t(k) = 52*k + 3. Let m(y) = y**2 - 6*y + 3. Let q be m(5). Let b be t(q). Let o = b - -258. Is o prime?
True
Let d = -73 - -234. Is d composite?
True
Suppose 2*y - 566 = -144. Is y prime?
True
Let s(p) = p**3 + 9*p**2 - 11*p - 7. Let j be s(-10). Is (-3*j)/(-3) - -90 a prime number?
False
Let a = -68 - -35. Suppose -166 - 146 = -6*p. Let q = a + p. Is q a prime number?
True
Let z = -27 + 27. Suppose z*w - 4*w + 243 = n, 4*n = -2*w + 1028. Is n prime?
False
Let d(h) = -9*h + 5. Is d(-10) prime?
False
Suppose 2*d - d = 113. Is d a composite number?
False
Let l(a) = -a - 8. Let o be l(-6). Let c be (o/(-5))/((-2)/(-120)). Let h = c + 11. Is h a composite number?
True
Let p(u) = -4*u**2 - 4*u - 8. Let n(a) = 3*a**2 + 3*a + 9. Let o(y) = 3*n(y) + 2*p(y). Let s be o(0). Is (-2)/4*-4 + s prime?
True
Suppose 0 = 4*c - 2*z - 14, 0 = c + 3*c + z + 1. Is c/(((-9)/201)/(-3)) composite?
False
Let j be 2/7 - (-18)/(-14). Let y(u) = 2*u - 6. Let r be y(4). Is (-190)/4*r*j a prime number?
False
Let o(t) = t + 37. Is o(0) composite?
False
Suppose -299 = -5*w + 2*o, -122 = -4*w - o + 112. Is w prime?
True
Let q be -1 + 2 - (-221)/1. Is (12/(-18))/((-4)/q) a prime number?
True
Let h = -4 + 4. Suppose 0*w + 3*w + q = 140, h = -3*w + 5*q + 146. Is w a composite number?
False
Let u(n) = 107*n + 2. Let o be u(3). Suppose -2*g = k - 66 - 9, 3*g = 5*k - o. Is k composite?
False
Let d(f) = -14*f + f - 5 + f**3 + 5*f + 6*f + 10*f**2. Is d(-8) a prime number?
True
Let h(g) = -g**2 + 8*g + 6. Let w be h(8). Suppose 4*z = u + w, 3*u - 4*u = -2*z + 2. Suppose d - 45 - u = 0. Is d a prime number?
True
Let g = -3 + 124. Is g a composite number?
True
Let a = 638 + -345. Is a a composite number?
False
Is 444 + (-2 - 5/(-5)) prime?
True
Suppose 4*i - 1350 = -i. Let l = -67 + i. Is l prime?
False
Let c(i) = i**2 - 7*i - 7. Suppose -3*f = -y + 14, 5*f - 2*f + 19 = -4*y. Is c(f) composite?
False
Let r(b) = -b + 2. Let c be r(-2). Suppose 3*g - 168 = -3*d, -c*d + 5*d - 268 = -5*g. Is g prime?
True
Let n = -2906 - -5361. Is n a composite number?
True
Let v(t) be the first derivative of t**4/4 + 2*t**3/3 - t**2 + 3*t - 4. Let g be v(-3). Suppose g = -4*d + 99 + 25. Is d a composite number?
False
Suppose 15 = -3*x, -3*x + 34 = s - 44. Is s prime?
False
Suppose -78 = 4*u - 18. Let k be 0*(u/(-6) + -3). Suppose 5*l - 635 = -k*l. Is l a prime number?
True
Suppose 4*g - 32 = 160. Suppose 2*q + 18 = g. Is q a prime number?
False
Let g(q) = -3*q**3 + q**2 - q - 1. Let x be g(-1). Suppose -102 = -x*d + d. Is d composite?
True
Suppose 3*a + 1 = 5*t + 2*a, -5*a = t + 5. Suppose -3*p + 0 + 3 = t, -4*z + 928 = -4*p. Is z prime?
True
Let m be -3*(2 - -2)/4. Is -97*(m - (-8)/4) a composite number?
False
Let i = -106 - -195. Is i a composite number?
False
Let t(u) = -u + 3. Let n be t(0). Suppose 2*j - k - 11 = -n, j = 3*k + 14. Suppose 3*a = -j*a + 185. Is a composite?
False
Suppose -z + 6 = 2. Let a = z + 3. Is (a/(-4))/((-3)/24) a composite number?
True
Let q = -94 + 305. Is q a composite number?
False
Suppose -3*d - 133 = -3*v - 2*v, -5*d + 78 = 2*v. Let a be (-6)/(((-6)/v)/3). Suppose -a - 24 = -3*g. Is g composite?
False
Let y = 15 + -8. Suppose 0 = -2*p + y*p - 325. Is p composite?
True
Suppose 6*x - 6 = 3*x. Suppose 7*v = x*v + 1580. Suppose v = -2*d + 6*d. Is d a composite number?
False
Let t(g) = g**3 + 7*g**2 + 6*g. Let r be t(-6). Suppose 4*p + r*p = 264. Suppose -21 = 3*b - p. Is b prime?
False
Suppose -42 = -m - 9. Is m a prime number?
False
Let h(w) = -66*w**2 + 5*w - 6. Let r(y) = -66*y**2 + 6*y - 7. Let i(q) = -6*h(q) + 5*r(q). Is i(-1) a composite number?
False
Let l(i) = -i**3 + 4*i**2 + 7*i - 3. Let u be l(5). Let m(x) = -x**3 + 8*x**2 - 2*x. Let y be m(u). Suppose y - 169 = -2*q. Is q a prime number?
True
Suppose -v + 248 = -5*b, 0 = 2*v + 8*b - 4*b - 426. Is v a prime number?
True
Suppose 5*o = -20, 5*o = -2*a - 2*a + 48. Suppose 5*p - 24 = -9. Suppose -a + 158 = p*q. Is q a composite number?
False
Suppose g - 10490 = -q - 4*q, -3*q + g = -6302. Is q composite?
False
Suppose 2*z - 173 = 61. Suppose -z = -4*i + 87. Is i prime?
False
Suppose 0 = -2*y - 13 - 7. Is 38/4*(y + 16) a composite number?
True
Let c(x) = 99*x**2 + 5*x - 3. Is c(2) a prime number?
False
Let a be 5/((-10)/(-4)) + 10. Suppose r = -3*r + a. Suppose 0*q + 4 = -2*q, -r*q - 171 = -3*s. Is s a prime number?
False
Let z(v) = -v**3 + 9*v**2 - 5. Let n be z(6). Suppose 6*o + n = 457. Is o a composite number?
False
Let s be (18/24)/((-2)/(-24)). Let h be -1*1/(-3)*s. Suppose 13 = h*r + 1. Is r a composite number?
True
Let z(b) = -b. Let n(d) = 57*d - 3. Let q(h) = -n(h) - 2*z(h). Is q(-4) a prime number?
True
Let y = -1479 - -2488. Is y prime?
True
Let y(z) = -z**2 + 7*z + 7. Let r be y(7). Suppose -5*i + r*p = 2*p - 725, -3*i + 2*p = -433. Is i composite?
True
Let n(q) = -q**3 - 4*q**2 - 5*q - 2. Let a be n(-3). Suppose -a*r + 490 = -34. Is r prime?
True
Suppose -4*k + 2*r + 858 = 0, r + 1065 = 5*k - 3*r. Is k prime?
False
Suppose -96 = -5*x + 3*k, -4*k - k + 26 = 2*x. Suppose -4*p = -2*d + x, -18 = -0*d - 4*d - p. Suppose -266 = -d*b + 179. Is b composite?
False
Let d = 74 - -147. Is d a composite number?
True
Suppose -410 = 15*o - 21980. Is o a prime number?
False
Suppose -x - 4 = x. Let i = 507 - x. Is i a prime number?
True
Suppose 3*j - 6 = b - 0*j, -5*b + 6 = 3*j. Suppose b = -2*p + 231 + 383. Is p prime?
True
Suppose -103 = -3*w + 20. Let x = 25 - w. Is (3 - x/(-6))*21 a prime number?
True
Suppose -2*r + 4*r = 370. Let a = -102 + r. Is a a prime number?
True
Suppose 5*v = 2*h - h + 17, -3*h = -3*v + 15. Suppose -v*k = -k - 4. Suppose -3*j + 7*j + 16 = 0, -74 = -k*y - j. Is y a prime number?
False
Let u(y) = y**2 + 9*y + 5. Let i be u(-9). Let o = 7 - i. Suppose 129 = o*t + 11. Is t prime?
True
Let h = -19 + 88. Is h composite?
True
Is (-6)/(-4)*12536/12 prime?
True
Is ((-21)/(-14))/(6/508) prime?
True
Suppose 0*l + 5 = l. Suppose h = 3*n + 1 + 29, -l*n - 99 = -4*h. Is h composite?
True
Let c(a) = -a - 6. Suppose 3*b = 5*p - 36, p - 30 = 3*b - 6. Let v be c(b). Is v + (-3)/((-3)/32) a composite number?
True
Suppose 0 = -b + t - 1, b - 5*t = -0*b - 17. Suppose b*g = -2 + 8. Suppose 0 = g*r - r - 38. Is r a prime number?
False
Suppose 5*s - 3*h - h = 813, -4*s = -5*h - 645. Suppose -v - 2*v = -s. Is v a prime number?
False
Let u = 117 + 13. Suppose -2*k + 387 = 3*w - 0*k, -w - k = -u. Is w a composite number?
False
Suppose 2*p - 7 + 1 = 0. Suppose -p - 1 = -4*i. Is (-68)/(-1) + (i - 2) prime?
True
Suppose -3*h + 2*q = -5, 4*h + 4*q = 21 - 1. Suppose -j + 5*w = -27, 223 = h*j + 2*j - 3*w. Is j + (0/(-2))/2 prime?
True
Let p(g) = 5*g**2. Let x be p(-1). Suppose -x*y + 159 = -186. Is y prime?
False
Let t = 28 - 15. Suppose -8*o = -t*o + 370. Is o a composite number?
True
Suppose 3*o - 4029 = 3*z, -3*o - z = -3228 - 801. Is o prime?
False
Suppose 0 = -4*x + 33 + 159. Is x/5 - (-8)/20 a prime number?
False
Let a = -6 - -8. Is (-1)/a*-11*10 a prime number?
False
Let c be ((-12)/5)/((-10)/25). Is (3516/36)/(2/c) a prime number?
True
Let i = -13 + 21. Let p(b) = b**2 - 4*b + 7. Is p(i) composite?
True
Suppose 0 = -11*m + 17*m - 3498. Is m prime?
False
Suppose -o - 3*u + 10 = -11, -u + 5 = 0. Is o/(-2)*(-3)/3 prime?
True
Let c be (-4)/(-2)*(-1)/(-2). Let g(p) = -12 - 13*p - p**2 + 17*p + 3*p**2 + c. Is g(-10) a prime number?
True
Is 9/6*(-1198)/(-3) composite?
False
Let g(b) = b - 7. Let o be g(7). Suppose -x + 5 = h, 5*h + 2*x - 16 + 0 = o. Suppose 4*s = -20, 0 = 2*p + 4*s - h. Is p prime?
True
Let b be 4/(1 + (-5)/4). Let h = b + 23. Let c(n) = 7*n + 4. Is c(h) composite?
False
Let z be (-6)/(-4)*32/6. Is (134/z)/((-2)/(-8)) a prime number?
True
Let w(t) = -t**2 - 9*t - 5. Let d be w(-8). Suppose 5*m - 91 = 4*g, d*g = -5*m - 0*g + 98. Is m composite?
False
Let x = 1456 + 141. Is x a prime number?
True
Let c = -19 - -68. Suppose 4*h - 3*h = c. Suppose h - 11 = 2*k. Is k composite?
False
Suppose s + 43 = 5*h - 17, -3*s = -5*